 + 2 - (12 - (4 - 2))?
-14
What is 5 + (-10 - 1) + (0 - (-5 + 7))?
-8
Evaluate (-7 - ((-33 - -31) + 1 + -6)) + -16.
-16
What is 4 + -26 + 6 - -10 - (-10 + 7)?
-3
Calculate -16 + -10 + 7 + 2 + 7.
-10
What is the value of 0 + (-3 - (3 + -10 + 2))?
2
What is 1 + 4 - 0 - (6 + -11)?
10
What is the value of 10 - 13 - (-10 + -12 + 7)?
12
Calculate 27 - (-26 - (28 - 64)).
17
What is the value of -3 + (4 - 1) + (11 - (10 + 5))?
-4
Evaluate 5 + -15 + 1 + -1 + 5 - 1.
-6
Calculate (40 - (16 + -29)) + -14 - 5.
34
What is -16 - (-11 - 2 - (53 - 63))?
-13
Calculate 10 + (1 - -3 - 2) + -11 + 13.
14
(2 - -19) + -7 + (-21 - (-21 - -9))
5
(0 - 6) + 26 + -13
7
What is the value of -6 + -15 + (-15 - -20)?
-16
Evaluate 0 + 9 - (-6 - (22 - 33)).
4
What is (-7 - -51 - 22) + -30?
-8
Calculate (-35 - -11) + -22 - -27.
-19
What is the value of 0 - -8 - (29 + -4 - (0 - -2))?
-15
What is 0 - 16 - (210 + -215)?
-11
Evaluate 14 + -35 - -25 - 13.
-9
What is the value of (0 - -8) + 15 - 13?
10
What is the value of -17 + (21 - (-8 + 9) - 10)?
-7
What is the value of -8 + 1 - ((-7 - (-12 + 0)) + -7)?
-5
1 + 8 - ((6 + -13 - 0) + 12)
4
Calculate -2 + 7 - 0 - (208 - 186).
-17
What is the value of -8 + 16 + (-5 - (7 - 1))?
-3
What is the value of 2 + (-27 - -33 - (3 - -19))?
-14
What is the value of 25 - 0 - (0 + 7 + 6 + -12)?
24
What is -35 + 34 + -1 + 0 - 6?
-8
Evaluate (0 - 31 - (17 + -26 - -16)) + 8.
-30
What is the value of -8 - -3 - (12 - 16) - (-3 + 9)?
-7
-3 + (-7 + 0 + (103 - 110) - -5)
-12
Evaluate 1 + -9 - (-17 - -12) - -11.
8
Evaluate 10 - 1 - (-267 - -296).
-20
-9 + 23 + -3 + -6 + 8
13
Evaluate 14 + 0 + -8 + (5 - 2 - -2).
11
What is (-3 - -24) + 2 + 1 - -1?
25
Calculate -1 - (4 - 22 - -2).
15
What is (-83 - -30 - -64) + (-1 - 0 - -11)?
21
Evaluate 154 + -164 + (-1 + 1 + -2 - 5).
-17
Evaluate 42 + 55 + -110 - (-36 + 0).
23
Evaluate 13 - 3 - ((6 - 6) + -7 + 5).
12
Calculate -129 - -113 - (-11 + -1).
-4
Evaluate 0 + -3 + (-5 - (11 + (-3 - 21))).
5
What is the value of -9 + 2 - ((4 - 17) + 4)?
2
Calculate (0 - -1) + (2 - (17 + -22)).
8
What is 114 - 101 - (-2 + (2 - 0) + -2)?
15
Calculate 476 + -512 + -1 + -1 + 16.
-22
What is the value of 554 + -558 + (-10 - 1) + 1?
-14
Calculate 2 + -13 + (-13 - -6) + 18 + -8.
-8
What is -11 - 17 - -60 - 18?
14
-1 + (1 - 3) + 7 - (84 + -82)
2
Calculate -3 + (-5 - 9) + 23 - (7 + -1).
0
What is 1 - 25 - ((-6 - (-5 + 3)) + -6)?
-14
Evaluate -38 + 1 + (415 - 408).
-30
-14 + 1 + (-6 - -2 - -22)
5
What is 0 - -3 - 1 - (-19 - (16 + -22))?
15
What is (-6 - (-6 - -11 - 10)) + -16?
-17
What is the value of -3 - (-7 - 4) - (-10 + 14 + -2)?
6
(-3 + 1 - -29) + -26
1
Evaluate (17 - 12) + -6 - (-10 + -7).
16
What is the value of 0 + -3 + 9 - (-16 + 3)?
19
Evaluate 12 - ((27 - (6 + 9)) + -16).
16
Calculate (-22 - -26) + (1 - 15).
-10
Calculate 1 - -8 - (-15 - -2 - -9).
13
Calculate -11 - -9 - -7 - -11.
16
Evaluate 9 + (35 + -18 - 19).
7
What is 0 - 22 - (-1621 + 1619)?
-20
Calculate -2 + -4 + -30 + 14.
-22
What is the value of 1 + -6 + 10 + 10?
15
Calculate -3 + -9 + 17 - 6.
-1
What is the value of (-6 - -1 - (3 - 9) - -6) + 11?
18
(-8 - -5) + -2 - (-4 + 5 + -6)
0
Evaluate -7 + 10 - (4 - (0 - 3) - 4).
0
What is the value of -1 + -47 + 67 + -28?
-9
Evaluate 1 + 2 + -43 - (56 - 61).
-35
3 - (1 + (8 - (1 - 9) - -2))
-16
Evaluate 14 + -8 - 14 - (8 - 5).
-11
Calculate 2 + -3 + (-4 - -8) + -3.
0
Calculate (-37 - 8 - -71) + (-2 - (-2 + 0)).
26
What is the value of (33 - 45) + (-53 - -25)?
-40
Evaluate 42 - 10 - (-31 - -69).
-6
What is the value of -11 + (15 + -19 - -17 - 12)?
-10
What is 24 + 10 + -1 + (-12 + 3 - 9)?
15
What is the value of (6 - (-42 + 47)) + 2 + -21?
-18
Calculate 34 - (-16 + 19 + 25).
6
What is the value of -90 + 84 + (11 - 1)?
4
What is the value of (-3 - 2) + 4 + 11 + 5?
15
Calculate 24 - -17 - 19 - 6.
16
Calculate -119 + 98 - (-2 + -1).
-18
What is -11 - 1 - (-6 + -1)?
-5
What is -15 + -6 + 42 + -19?
2
Calculate (6 - 0) + (19 - 29).
-4
Evaluate (26 - 23) + 0 + -4.
-1
What is the value of 7 - (-6 + 18 - 7 - 14 - -19)?
-3
What is the value of 6 - (7 + -1 - (-3 - -9))?
6
Calculate -10 + (-9 - (-26 - -29)).
-22
10 - 14 - (-9 - -22)
-17
What is 5 - (-4 + 15 - (19 + -12)) - 2?
-1
Evaluate -30 + 22 - (-6 - 2).
0
Calculate -245 + 210 + -4 + 17.
-22
What is the value of 0 + (-11 + 3 - 0 - 8)?
-16
What is -12 - (-7 - (14 + 1 - 32))?
-22
Calculate (7 - (6 - (5 - 6) - 4)) + -9.
-5
Calculate (0 - -5) + -21 - 2.
-18
(38 - 65) + 51 + -8 + (1 - -2)
19
Evaluate (-1 - -26) + 0 + (-329 - -317).
13
Evaluate 4 - 6 - (1 + -3).
0
-8 + (-13 - -5) + 6 - 14
-24
-1 - 9 - (-21 + -10 + 15 + 15)
-9
Calculate 4 + (8 - (10 + 0 + -3)).
5
Calculate -31 - (17 - 38 - -2).
-12
Evaluate 1 + 4 - (42 - 66 - -25).
4
15 - (20 + -22 + (4 - 0) + 0)
13
What is the value of 20 + -20 + 14 + -2?
12
Calculate 1 + (46 - 0) + -27.
20
Calculate 8 - (-5 + 14 + -13).
12
Evaluate 0 + 1 - ((0 - (-9 - -27)) + 9).
10
Calculate -27 + 6 + 37 + -32.
-16
What is the value of -7 + 2 + -12 + (7 - 3)?
-13
Evaluate -146 - -181 - (21 + 1).
13
What is the value of 11 - 2 - (-15 - (-5 + -26))?
-7
Evaluate 2 + 5 + -3 + 0 - (-3 - 1).
8
Evaluate 13 + (3 - 14) + 2.
4
What is the value of 9 + -6 - (1 - (-16 - -9))?
-5
What is the value of -65 + 64 + (-4 - -4 - -12)?
11
Evaluate 0 + 3 + -16 + -6.
-19
What is the value of -130 + 144 - (3 + -4 + 9)?
6
What is -10 + (8 + -8 - -3)?
-7
Evaluate -1 + -20 + -225 + 231.
-15
What is 22 + -1 + 0 + -4?
17
Evaluate (9 - (9 + 12 + 10)) + 8.
-14
(0 - 1 - (0 + 11)) + (-229 - -217)
-24
Evaluate (16 - (13 + 8) - 15) + 4.
-16
Evaluate (8 - (29 + 8 + (2 - -9))) + 7.
-33
What is (878 - 858) + (-26 - 3)?
-9
What is the value of -2 + (4 - 1) + 22 + (-44 - -42)?
21
What is the value of (-67 - (-57 + -18)) + 2 + (10 - -2)?
22
What is 22 + (7 - (-3 - -10)) + -9?
13
4 - (1 - (6 + (-47 - -7) + 9))
-22
Calculate 24 + -77 + 24 - -21.
-8
12 - (18 - 9) - ((-1 - -4) + 11)
-11
-18 + 14 + (7 - 4 - 5)
-6
What is the value of (-564 - -565) + 1 + -16?
-14
What is 0 + -5 - (-13 - (-35 - -22))?
-5
-21 + (24 - (-28 + 23))
8
Evaluate -3 + (29 + -1 - (-32 - -40)).
17
What is the value of -4 - ((7 - -16) + -21 - (-2 + -1))?
-9
Calculate 3 + (2 - (3 + 8) - -2) + -13.
-17
Evaluate (14 + -23 - 16) + 14.
-11
What is -4 + 3 + 15 - (-1 + (-7 - -10))?
12
Evaluate -14 + 15 + 4 + -10.
-5
What is the value of -8 + (13 - (2 - 6 - -8)) - -1?
2
Calculate (-16 + 13 - 16) + -16.
-35
What is the value of ((14 - 2) + (-29 - -24) - 36) + 11?
-18
What is 5 + 3 - ((-25 - -22) + (0 - -49))?
-38
What is the value of -22 + 8 + 0 + 1 + 1?
-12
Evaluate 0 + -6 + (4 - (-1 - (-1 - 6))).
-8
What is the value of 2 + (-14 - -8) - -10?
6
(-29 - 4 - 6) + 1 + 4 - 1
-35
-1 + 5 + 15 + -13 + (5 - 1)
10
What is the value of (-57 - -94) + -52 - (1 + 3)?
-19
Calculate (-1 - -13) + (3 - 18).
-3
Evaluate (-6 + 2 - -3) + (3 - 4) - -4.
2
What is the value of -7 - 0 - -7 - (-5 + -3 + 14)?
-6
10 + -7 - (31 + -27)
-1
Evaluate -24 - (3 + (4 - 5) + -10).
-16
Evaluate 3 + -11 + 20 - (-1 + 9).
4
What is the value of -3 + (6 - (13 + -7)) - (-10 - -6)?
1
What is the value of -6 + (19 - ((-5 - -7) + -13))?
24
What is the value of 10 + 0 - ((20 - 11 - 14) + 6)?
9
What is (11 - (-4 - -9)) + 33 + -13?
26
Calculate (1 + 0 - (-2 - -7)) + (82 - 73).
5
-6 - (1 + -6 + 3 - -4) - -24
16
What is (2 - (6 + 0 + -6) - 17) + 5?
-10
What is the value of 4 + 12 - 28 - -27 - 10?
5
17 - (32 + (2 - 7))
-10
Evaluate (-329 - -319) + (1 - 1).
-10
Calculate 12 + (25 - 12) + -29.
-4
Calculate -23 - (-32 - (-5 + -5)).
-1
Calculate 6 - (5 + -5 + -8) - 4.
10
What is 12 - (3 + 5) - (-1 - 8)?
13
What is 0 + (-16 + 0 - (-9 - -9)) + 6?
-10
17 - (29 - 23 - -36)
-25
Calculate -20 + (5 - 0) - -19.
4
(-5 + -6 + -7 - -7) + -13 + 6
-18
Calculate (-20 - -24 - (1 + 3)) + -6.
-6
What is the value of 13 + (-12 + -4 - -6)?
3
What is the value of (73 - 33) + -23 + 2?
19
What is the value of -4 - (11 - 8 - 8)?
1
Evaluate 14 + (45 + 25 - 47 - (1 + 11)).
25
What is the value of -11 + 8 + -8 + 3 + 6 - -6?
4
Calculate 1 - (3 - -26 - (-3 - -15)).
-16
What is (4 + (-2 + -6 - 14) - -5) + 4?
-9
Evaluate 22 + (22 - 39) + (-2 - -6).
9
Calculate -9 - (10 + -4 + 1 + (-1 - 30)).
15
What is 7 + -47 - (-26 - -9)?
-23
What is 2 - -2 - 8 - 12 - -20?
4
What is the value of 6 - ((9 - 5) + -10 - -5)?
7
Evaluate (8 -